). Let l = 24669 - c. Is l a prime number?
True
Let c(l) = 1987*l**2 + 156*l - 113. Is c(-20) prime?
False
Suppose -4*p + 7*o - 6*o + 377491 = 0, -188748 = -2*p - 2*o. Is p composite?
True
Suppose -64*b - 4*b = -809788 - 14460088. Is b a composite number?
True
Let m be ((-7119)/15 - -5)*10/(-4). Let d = 3418 - 1753. Let u = d - m. Is u a composite number?
False
Let k = 728 + -268. Let m = 791 - k. Is m composite?
False
Let r(f) = -49*f + 163*f + 97 + 67*f. Is r(14) a prime number?
False
Let w(v) = -5 - 30 + 4*v - 13. Let s be w(12). Suppose -2*k = -4*k + 3*b + 245, s = -4*k + 2*b + 502. Is k a composite number?
False
Let m be (-111179)/(-6) + 4/24. Let h = 27321 - m. Is h a prime number?
False
Suppose 5*j + 3861 = -4034. Let q = -333 + 2585. Let l = q + j. Is l a prime number?
True
Suppose -14097 + 52338 = 3*p - q, q = 4*p - 50987. Suppose -p = -2*d + 5*b, 0 = -4*d + 2*b + 21772 + 3752. Is d a prime number?
False
Suppose 2*q - 3*q = 4*f - 11915, 4*f - 11909 = q. Suppose 3*p = -3*w + 3085 + 1388, 4*p - f = -2*w. Let u = -714 + w. Is u prime?
False
Suppose -5*g + 33 = -22. Suppose -g*u = 4*u + 5*u. Suppose 9*z - 8193 - 14100 = u. Is z composite?
False
Let c(g) = -7971*g**3 + 4*g**2 + 6*g - 3. Let m(q) = -15941*q**3 + 7*q**2 + 11*q - 6. Let k(v) = 5*c(v) - 3*m(v). Is k(1) a prime number?
False
Is (-792)/96*47860/(-15) a prime number?
False
Let n(l) = -l**3 - 10*l**2 + 11*l - 2. Let i be n(-11). Let o be (-14)/i + -1 + 0/8. Suppose g - 5887 = -o*g. Is g composite?
True
Let z(h) be the third derivative of 277/24*h**4 + 17*h**2 + 0 - 3/2*h**3 + 0*h. Is z(4) composite?
True
Let x(v) = v + 38. Let o be x(8). Let n(w) = 28*w - 34 + 12*w - 53 + o. Is n(7) prime?
True
Suppose 1694 = 14*b - 2366. Suppose 0 = -b*w + 297*w - 13517. Is w a composite number?
False
Suppose 12 = -3*f + 6*f. Suppose -10 = -f*s + 2. Is 1*(-1 + -852*s/(-3)) prime?
False
Let q be 4*1*(-11)/(-308)*14. Suppose -5*j + o + 52838 = 0, 3*j - q*o + 1820 = 33527. Is j composite?
False
Suppose 104*h - 108*h - 3*q = 40541, 20273 = -2*h - q. Let i = h - -44990. Is i composite?
True
Let k(p) = -2*p**3 + 2*p**2 + 9*p + 11. Let c be k(-3). Is 8750/6 - (c/(-12) + 4) a composite number?
False
Let a = 201 - -15. Suppose 37*t - 43*t = -714. Let m = a - t. Is m composite?
False
Suppose 75*d = -47*d + 86776758 - 10770392. Is d a composite number?
False
Let k = 58593 + -16088. Is k a composite number?
True
Let f(p) = 22*p**2 + p**3 - 24 - 3*p + 24*p**2 - 38*p**2. Let b be f(-8). Suppose -9*g - 739 + 3592 = b. Is g prime?
True
Let i = 838 + 1610. Is i + -15*4/(-12) prime?
False
Let w(b) = 48*b**3 + 17*b**2 + 68*b - 426. Is w(17) a composite number?
True
Suppose 0 = -104*b + 17*b - 399758 + 1903292. Is b composite?
True
Let d = 1958 - 688. Let o be 0 - (d - (0 - -4)). Let v = -869 - o. Is v prime?
True
Is 2 - ((5 - (-8 + 8522)) + -2) composite?
False
Let x = -85 - -26. Is (1 + 5 + -1)*x/(-5) a prime number?
True
Suppose -h - z = -221008, -15*z = 5*h - 18*z - 1105048. Is h prime?
False
Suppose 5*h - 76536 = -5*y + 206429, -10 = -5*y. Is h composite?
False
Let s(i) = i**3 - 2*i**2 - 2*i + 8501. Let z be s(0). Suppose -2*y = -20*u + 19*u - z, y - 3*u = 4238. Is y a composite number?
False
Suppose -i + 3*i = -0*i + 8626. Let l(s) = -110*s**2 + 3*s + 1. Let d be l(5). Let m = i + d. Is m a composite number?
False
Let o = 380 - 378. Suppose 4*h = 4*j - 3*j + 11706, o*j - 2931 = -h. Is h prime?
True
Let c(w) be the third derivative of 0*w - 1/6*w**3 + 5*w**2 - 37/6*w**4 + 0. Is c(-3) prime?
True
Suppose 16*h - 22832 = 215616. Is h prime?
False
Let x(d) = 3. Let b(g) = -93*g**2 + 5*g + 52. Let j(f) = -b(f) + x(f). Is j(9) a prime number?
False
Let r be ((-3198)/10)/((-2)/10). Let n(l) = -l**3 + 28*l**2 - 33*l + 26. Let z be n(25). Suppose 5*g = r + z. Is g a composite number?
True
Suppose 101*f - 15022579 = -42*f. Is f a prime number?
False
Suppose 718247 = 6*s - 386023. Is s composite?
True
Suppose 2*q = -2*q - 3*x - 36, 18 = -q - 3*x. Is ((546615/(-20))/(-9))/(q/(-8)) prime?
True
Suppose -10*u + 94300 = -14580. Suppose -u = -4*g - h, 0 = 23*g - 21*g + h - 5446. Is g a prime number?
False
Suppose 106*b - 109*b + 63 = 0. Suppose b = -4*m - 3*m. Is 2*9/(-6)*3389/m composite?
False
Let n(t) = t**2 - 2*t + 187. Let a = 16 + -16. Let i be n(a). Suppose 0 = -8*f + 7*f + i. Is f prime?
False
Suppose 1341 = 2*m - 635. Suppose 3*q + 3*y = -2433, -3*q + 5*y - 1421 = m. Let z = -197 - q. Is z a prime number?
False
Suppose 26 = -2*h - 4*y, -4*y - 30 = -2*h - 88. Let c = h + 24. Suppose 4*w - 20 = 0, -c*d = -3*w - 58 - 32. Is d a prime number?
False
Let y = -32 + 32. Suppose -3*a + 9*a + 3144 = y. Let x = 1045 + a. Is x composite?
False
Let w(s) = 743*s + 13. Let i(h) = -h**2 - 10*h - 14. Let p be i(-8). Is w(p) prime?
True
Suppose 0 = 365*f - 395*f + 8779290. Is f a composite number?
True
Let d = -46 - -69. Let j = d + -18. Suppose j*p = 1147 + 108. Is p a prime number?
True
Suppose -z - 15*a = -13*a - 133769, 401307 = 3*z + 3*a. Is z prime?
True
Let v be -1*(7 - 4 - 3). Let g be (168 + 3)*(v + (-7)/(-3)). Suppose -4*d - g = -s, 3*d = -5*s + 5*d + 1905. Is s a composite number?
False
Suppose -3*h + 131562 = 3*m, -4*m = -h - 205255 + 29839. Is -2*m/(-36)*3 composite?
False
Suppose -3024 = -2*k - 892. Let t = k - 752. Let j = 1437 - t. Is j composite?
False
Suppose -2*y = -2*d - 10 - 2, -4*d = 8. Suppose b - 4310 = y*r + 14537, 2 = -r. Is b a prime number?
True
Let u(f) = f**2 - 4*f - 1. Let k(g) = g**2 - 28*g + 16. Let w(m) = -k(m) + 4*u(m). Is w(-13) prime?
True
Let m(y) = -y**2 + 1889 - 663*y + 1348*y - 668*y. Is m(0) a composite number?
False
Let j(g) = -2*g**3 - 36*g**2 - 11*g + 51. Let u be j(-16). Let w = u + 1370. Is w prime?
False
Let q = 200806 + -28679. Is q composite?
False
Suppose 7045169 - 5003588 = 38*u - 11890397. Is u prime?
True
Suppose -1995572 = -7*h - a - 0*a, 5*h + 4*a = 1425379. Is h prime?
False
Suppose 3*a + 17*t = 19*t - 4, 2*a - 4*t + 8 = 0. Suppose 184*i - 181*i - 81201 = a. Is i a prime number?
True
Is 3/(-7) - (-5001290)/245 prime?
False
Suppose 33*j - 8329739 - 20450597 = 15588395. Is j prime?
False
Suppose 4*t = 3*z + 108, 5*z = -t - 4 + 8. Suppose 10*g = 14*g + t. Let h(j) = -j**2 - 10*j + 13. Is h(g) composite?
False
Let l be (-70)/(-15) - (-75)/(-45). Suppose 3*k - 28117 = -2*u - 3551, l*u = 2*k + 36849. Is u a prime number?
False
Let q(r) = 2727*r + 7. Let y be q(1). Let o = y - 1415. Is o prime?
True
Is 3100316/10 + 0 - -91*18/1170 a composite number?
True
Let k(h) = 8*h**2 + 2*h + 9. Let i be (50/15 + -2)*6. Let f be k(i). Suppose -2*q = -10, 2*n = -2*n - q + f. Is n a composite number?
True
Suppose -2*s = -5*z + 15 + 3, 2*s - 2 = 0. Suppose -552 - 2340 = -z*x. Is x prime?
False
Suppose -7*g + g - 918401 = -17*g. Is g a composite number?
True
Let w = -94 - -95. Is (10669 + -7 + 7)/w composite?
True
Let v = 1970 + 5651. Let d(r) = 1320*r + 24. Let x be d(4). Let h = v - x. Is h a composite number?
True
Let b = -84 + 130. Suppose -b*l + 31325 = -11*l. Is l composite?
True
Let b(u) = 179*u**2 + 235*u - 421. Is b(30) prime?
True
Let t(z) = -6*z + 15. Let p be t(10). Let j = 50 + p. Suppose -2*d + 497 = j*o - 6*d, -o - 5*d + 82 = 0. Is o a composite number?
False
Let w(m) = 853*m**2 + 23*m + 22. Let t be w(-1). Let i = t + -158. Is i a composite number?
True
Suppose 0 = -53275*a + 53242*a + 1647327. Is a a composite number?
False
Suppose -23*m + 69*m - 1196525 - 729909 = 0. Is m a prime number?
True
Let s = -135908 + 303547. Is s composite?
True
Let v = 41 - 26. Suppose v*j = 16*j. Suppose j*l - l = -59. Is l composite?
False
Is (2 - (9 - 3))/(-3 - (-496990)/165666) a prime number?
False
Let r = -403 + -22. Let c = r - -4120. Is c a composite number?
True
Let q(n) = -255*n + 40. Let o = -43 + 46. Let c(z) = -128*z + 20. Let u(a) = o*q(a) - 7*c(a). Is u(5) composite?
True
Suppose 55*u - 20*u = 109585. Is u composite?
True
Let h(l) = -1898*l - 51 - 2 - 1400*l - 327*l - 308*l. Is h(-4) a composite number?
False
Is (2/(-3) + 0)*-660171*190/380 a prime number?
True
Is 130/910*(295464 - 1) composite?
False
Let r(q) = 1026*q - 37. Let j(z) = -1027*z + 37. Let y(v) = 6*j(v) + 5*r(v). Is y(-2) a prime number?
False
Suppose 2*a - 20*a = -21213000. Is (-14 - a/(-68)) + (-4)/(-34) composite?
False
L